+ 5. Suppose 3*i + 5*r = -21, 5*i - 3*r = 1 - 36. Calculate the remainder when 107 is divided by j(i).
11
Let a(f) = 21*f + 3. Let c(m) = -m**2 - 21*m - 2. Let x(j) = 3*a(j) + 2*c(j). Calculate the remainder when 74 is divided by x(10).
14
Suppose 0 = -z + w + 107, -56*z + 52*z - 5*w + 392 = 0. What is the remainder when z is divided by 22?
15
Suppose c - 20 = -c. Calculate the remainder when (-2)/10 - 876/(-30) is divided by c.
9
Let g be ((-24)/18)/(3/9). Suppose 3*y = y + 26. Let t = g + y. What is the remainder when t is divided by 3?
0
Let f(j) = -3*j - 67. Let y be f(0). Let v = 75 + y. What is the remainder when 17 is divided by v?
1
What is the remainder when (-357)/(-34)*26/1 is divided by 23?
20
Suppose 16 = -6*x + 7*x. Suppose c - 100 = -x. What is the remainder when c is divided by 22?
18
Let f = -85 + 129. Suppose 0*b - f = -b. Suppose b = 5*j - l, 4*j = 2*j + 4*l + 14. What is the remainder when 15 is divided by j?
6
Let t(l) = -4*l + 4. Let f be t(17). Let a = f - -161. Let r = 109 + -76. What is the remainder when a is divided by r?
31
Let u = 28 + -8. Suppose -z - 2*j + u = 0, z - 52 = -4*z + 2*j. Suppose -5*d + z = -3. What is the remainder when 9 is divided by d?
0
Suppose o + j = -3*j + 49, o = 5*j + 58. Calculate the remainder when 157 is divided by o.
51
Let d(t) = t**2 + 18*t + 50. Let z = -92 + 74. What is the remainder when d(z) is divided by 15?
5
Suppose -2*n + 2*t = 4, 0*t - 3 = 4*n - 3*t. Suppose 6*u - n*u = 75. Calculate the remainder when u is divided by 13.
12
Let i = -1082 + 1090. What is the remainder when 563 is divided by i?
3
Let z = 1160 + -421. Calculate the remainder when z is divided by 37.
36
Suppose -11 = -4*d - 5*h + 6, 4*h = 5*d - 11. Let g = -57 + 63. Suppose -g*o + 32 = 8. What is the remainder when o is divided by d?
1
Suppose 2*l - 1 = -3*d, -2*d - 2*d - l + 8 = 0. Suppose d*x - 42 = -3. Calculate the remainder when 37 is divided by x.
11
Let d be 3*(-4)/(-6) + 3. Suppose d*i - 66 = -3*o, -2*o = 3*i - o - 42. Calculate the remainder when (-2)/4 - 294/(-4) is divided by i.
13
Let q(g) = -8*g**2 + 98*g + 5. Calculate the remainder when q(7) is divided by 19.
14
Let w(s) = 4 + 30*s + 3 - 7. Calculate the remainder when w(1) is divided by 17.
13
Let t = 1 - -6. Suppose 4*a - t - 1 = 0. What is the remainder when 18 - (a/(-1) - 1) is divided by 12?
9
Suppose 0 = 3*h - 2*y - 119, 65 = 3*h + 2*y - 50. Suppose 0 = z + v + 3 + 7, 2*z + 5*v + 32 = 0. What is the remainder when 89 is divided by h/26*(-92)/z?
20
Calculate the remainder when 646 - (5 + 7)/3 is divided by 23.
21
Suppose -15 - 15 = -5*l. Calculate the remainder when l is divided by 1/(0 - 36/16) - 1960/(-360).
1
Suppose 3*m = -20*m + 1840. Calculate the remainder when m is divided by 5.
0
Suppose 4*c - 2*q - 49 = 783, 4*q = -4*c + 820. Calculate the remainder when c is divided by 107.
100
Let a(m) = 25*m**3 + 3*m**2 - 5*m + 3. What is the remainder when 97 is divided by a(1)?
19
Suppose -29*r = -32*r + 135. Let g = 19 - 7. Calculate the remainder when r is divided by g.
9
Let x = -45 + 85. Suppose -2*c - c = -2*t + 31, 0 = -3*c - 5*t - 59. Let l = 9 - c. Calculate the remainder when x is divided by l.
18
Let a(z) = -z + 4. Let b be a(0). Suppose 0 = 2*d + 4*u - 12, -b*d = -2*d + 2*u - 14. What is the remainder when 62 is divided by d?
6
Suppose -4*i + 74 + 162 = 0. Suppose -t - 2*t + i = -2*c, 5*c - 14 = -t. Calculate the remainder when 47 is divided by t.
9
Let s = -4 + 7. Suppose -s*o = -15 - 30. Suppose -3*j - 37 = -5*k - 6*j, 4*k - 40 = -5*j. What is the remainder when o is divided by k?
0
Suppose -9*d + 4*d - 135 = 0. Let m = d + 43. Let x = m + 31. What is the remainder when x is divided by 10?
7
Suppose 3*f + 2*a - 17 = -1, 0 = -2*a + 10. Let n(w) = -w**3 - w**2 + w + 82. What is the remainder when n(0) is divided by -2 + (38/f - -4)?
19
Suppose 3*n = 4*v - 545 + 123, 4 = 2*n. What is the remainder when v is divided by 5?
2
Let f = 7 + 5. Calculate the remainder when ((-1)/((-9)/(-210)))/((-80)/(-15) + -6) is divided by f.
11
Let o = 428 - 388. Calculate the remainder when 54 is divided by o.
14
Suppose -n + 4*o - 64 = -3*n, 0 = -3*n + o + 89. Suppose -n = -l + 11. Let q = l + -14. Calculate the remainder when q is divided by 14.
13
Let h(a) = 47*a + 8. Let k be h(3). Let w = 156 - k. What is the remainder when 12 is divided by w?
5
Let g be 2*(-35)/(-5) - 3. Let j(c) = c**2 + 13. Calculate the remainder when j(g) is divided by 27.
26
Let h(j) = 4*j - 36. Let m(i) = 3*i - 35. Let l(w) = 4*h(w) - 5*m(w). Calculate the remainder when 72 is divided by l(-16).
12
Let x(a) be the second derivative of 2*a**4/3 + a**3 - 3*a**2 - a + 5. Let c = 56 + -35. Calculate the remainder when c is divided by x(1).
5
Let u = 16 + -12. Suppose 6 = j + u*y, 2*j = j - 2*y + 10. Let l = -82 + 134. What is the remainder when l is divided by j?
10
What is the remainder when 187 is divided by (1 + -16 + -1)*11/(-4)?
11
Suppose 0 = -12*y + 7*y. Suppose y*p = -p + 2. Suppose -3*f + 24 = i + i, -56 = -p*i + 5*f. What is the remainder when i is divided by 7?
4
Let j(q) = 2*q - 16. Suppose -55 = -4*x + 109. What is the remainder when x is divided by j(19)?
19
Suppose 0 = -35*m + 41*m - 24. What is the remainder when 7/(-21) - (-38)/6 is divided by m?
2
Suppose 6*c - 449 - 163 = 0. Suppose 2*w + o - 114 = 0, 0 = -2*w - 2*o - 2*o + c. Calculate the remainder when w is divided by 31.
28
Let i = 102 + -54. Calculate the remainder when i is divided by (8/16)/(2/52).
9
Suppose 50 - 26 = 2*p. Suppose 0 = 3*g + 2 - 26. What is the remainder when p is divided by g?
4
Let p(a) = a**3 + 6*a**2 - 9*a - 9. Let r be p(-7). Let j = r + 19. What is the remainder when 46 is divided by j?
22
Suppose 4*f = 5*f - 2. Suppose 6 + 20 = f*o. What is the remainder when 4*1*50/8 is divided by o?
12
Suppose 54*h + 132 = 58*h. Let k = -67 - -130. Calculate the remainder when k is divided by h.
30
Let f(n) = -14*n**2 - 23*n**2 - 14 + 7*n + 38*n**2. Calculate the remainder when f(4) is divided by 8.
6
Let j(l) = -l**3 - 6*l**2 - 6*l - 7. Let o be j(-5). Let b(g) = -3*g - 56. Let x be b(-19). What is the remainder when 29 is divided by o*30/(-4) + x?
13
Let w(b) = -2*b**3 - 4*b**2 - 5*b + 5. What is the remainder when 128 is divided by w(-2)?
8
Let a(v) = 11*v - 2. Let s = 2 + 0. Suppose -1036 = -166*y + 2866 + 5726. What is the remainder when y is divided by a(s)?
18
What is the remainder when 37/74 - (-666)/4 is divided by 75?
17
Let c be (-4)/(-10) + 84/(-35). Let d be (c/(-4))/((-1)/(-6)). Suppose 0 = d*i - 2*i - 79. Calculate the remainder when i is divided by 27.
25
Let k(b) = -2*b**2 - 8*b - 3. Let a be k(-5). Let x = 17 + a. Suppose 63 = x*y - 21. Calculate the remainder when 60 is divided by y.
18
Suppose -q = -a - 2, 27 = -4*a - q - 1. Calculate the remainder when 6 is divided by ((-27)/a - 3)/(2/4).
0
Let p(m) = -2*m + 18. Calculate the remainder when p(-6) is divided by 19.
11
Suppose 7*o = 5*o - 12. Let z be (24/20)/(o/(-105)). Suppose w - z = -8. What is the remainder when w is divided by 7?
6
Suppose 40*a - 441 + 41 = 0. Calculate the remainder when 66 is divided by a.
6
Suppose -22*h + 427 = -21*h. What is the remainder when h is divided by 33?
31
Suppose 943 = -83*d + 106*d. Calculate the remainder when d is divided by 11 + 0 + 0 + 0.
8
Let z = -32 + 36. Suppose -o + 6 = z. Let s(b) = -b + 2. Calculate the remainder when o is divided by s(0).
0
Suppose -15*v = -156 - 279. Calculate the remainder when 71 is divided by v.
13
Let j = 15 + -12. Suppose j*y + 3*p - 1 = 14, -3*p + 8 = -4*y. Calculate the remainder when -4*3/12*(-1)/1 is divided by y.
0
Let a(k) = -k**2 + 25*k - 17. What is the remainder when 59 is divided by a(24)?
3
Let t be 232 - (-1 - (-1 + 4)). Suppose -x + 3 = 1, t = 2*i - x. What is the remainder when i is divided by 31?
26
Let p(y) = -y**3 + 3*y + 1. Let f be (-8)/2*4/8. Let n be p(f). Calculate the remainder when 43 is divided by ((-36)/(-15))/n*20.
11
Let l = 22 + -1. Let x(g) = 4*g - 13. Let o be x(6). What is the remainder when l is divided by o - 5/10*-2?
9
Let k(t) = 4*t**2 - 17*t + 85. Suppose 2*i + 3*g - 33 = -i, 1 = -g. Calculate the remainder when k(4) is divided by i.
9
Let m = -23 + 32. Suppose m*d - 5*d = 16. What is the remainder when 27 is div